of 171 and 178326.
9
Calculate the highest common divisor of 106656 and 96.
96
What is the highest common factor of 47 and 38070?
47
What is the greatest common factor of 6164 and 23852?
268
What is the greatest common divisor of 304076 and 608?
76
What is the highest common divisor of 24 and 103944?
24
What is the greatest common factor of 32 and 8612?
4
Calculate the highest common factor of 441 and 66213.
63
Calculate the greatest common factor of 3856 and 286308.
964
What is the greatest common divisor of 41 and 267607?
41
What is the greatest common factor of 5384 and 1236974?
1346
Calculate the greatest common factor of 228 and 79287.
57
What is the greatest common factor of 2960 and 2320?
80
Calculate the greatest common factor of 13188 and 153075.
471
Calculate the highest common factor of 31434 and 5746.
338
Calculate the greatest common factor of 657717 and 34959.
813
What is the greatest common factor of 1050 and 13350?
150
Calculate the highest common divisor of 26832 and 390.
78
What is the highest common divisor of 229728 and 48?
48
Calculate the highest common factor of 217930 and 10830.
190
Calculate the greatest common factor of 13068 and 4428.
108
What is the greatest common factor of 1008 and 3249?
9
What is the highest common factor of 118 and 2814182?
118
What is the highest common divisor of 102 and 21046?
34
What is the greatest common divisor of 284739 and 13?
13
Calculate the greatest common factor of 6219 and 1899.
9
Calculate the greatest common factor of 358 and 18974.
358
Calculate the highest common divisor of 21780 and 107190.
90
What is the greatest common factor of 2122389 and 54?
27
What is the highest common factor of 354 and 13275?
177
Calculate the highest common divisor of 640 and 190880.
160
Calculate the greatest common factor of 3111880 and 40.
40
Calculate the highest common divisor of 2350428 and 12.
12
What is the greatest common factor of 5934 and 1032?
258
Calculate the highest common factor of 379 and 2490409.
379
What is the greatest common divisor of 99 and 40051?
11
What is the greatest common factor of 16304 and 56?
8
Calculate the highest common divisor of 106 and 220851.
53
What is the greatest common divisor of 32336 and 423?
47
What is the greatest common divisor of 30160 and 18512?
208
What is the highest common factor of 533 and 429?
13
Calculate the highest common factor of 135680 and 140.
20
What is the highest common divisor of 1050 and 50022?
42
What is the greatest common factor of 225 and 479075?
25
What is the highest common divisor of 10320 and 24940?
860
Calculate the highest common factor of 217 and 20739.
31
What is the greatest common divisor of 64 and 4006?
2
Calculate the highest common factor of 3721 and 6100.
61
Calculate the greatest common factor of 1062846 and 3017.
431
Calculate the highest common divisor of 2567 and 6052.
17
What is the greatest common factor of 4902 and 1806?
258
Calculate the highest common factor of 75330 and 2250.
90
Calculate the highest common divisor of 27105 and 7923.
417
Calculate the greatest common factor of 69 and 2047.
23
Calculate the greatest common factor of 260 and 99190.
130
Calculate the greatest common divisor of 1056 and 1837.
11
Calculate the greatest common divisor of 369 and 74415.
123
What is the greatest common divisor of 2 and 1358?
2
Calculate the greatest common divisor of 320 and 48992.
32
Calculate the greatest common factor of 4883049 and 7685.
1537
What is the highest common divisor of 30233 and 1225?
49
Calculate the highest common divisor of 1613381 and 77.
77
What is the greatest common divisor of 65352 and 36?
12
Calculate the highest common factor of 3425 and 211528.
137
Calculate the highest common factor of 5552 and 172.
4
What is the greatest common factor of 493 and 94569?
29
What is the highest common factor of 636 and 346779?
159
What is the greatest common factor of 930 and 8277?
93
Calculate the greatest common divisor of 684 and 9.
9
What is the highest common factor of 37610 and 10?
10
Calculate the highest common factor of 238942 and 88.
22
Calculate the highest common factor of 1527576 and 36.
12
What is the greatest common divisor of 547869 and 294?
147
Calculate the greatest common factor of 420 and 15897.
21
What is the highest common divisor of 4 and 54348?
4
Calculate the greatest common factor of 70794 and 28566.
1242
What is the greatest common factor of 51 and 97903?
17
What is the greatest common divisor of 364 and 93548?
364
Calculate the highest common divisor of 1210 and 2390.
10
Calculate the highest common divisor of 3042 and 404079.
507
Calculate the greatest common divisor of 24068 and 16764.
44
What is the highest common divisor of 1284993 and 5427?
603
What is the highest common factor of 820369 and 107?
107
What is the highest common factor of 12957 and 399?
21
What is the greatest common factor of 369 and 11106?
9
What is the greatest common factor of 14475 and 94570?
965
Calculate the greatest common factor of 200265 and 36.
3
What is the greatest common divisor of 88511 and 6527?
61
What is the highest common factor of 16458 and 1950?
78
What is the highest common factor of 43513 and 1060?
53
What is the greatest common factor of 1800480 and 7161?
1023
Calculate the highest common factor of 205 and 1747.
1
What is the highest common divisor of 8514 and 14319?
387
What is the greatest common factor of 30 and 5575230?
30
Calculate the highest common divisor of 330 and 89370.
30
Calculate the highest common divisor of 8980 and 40.
20
Calculate the greatest common factor of 105 and 2583000.
105
Calculate the greatest common factor of 32 and 138200.
8
Calculate the greatest common factor of 424 and 9063.
53
What is the greatest common divisor of 512 and 5024?
32
Calculate the highest common divisor of 40513 and 44.
11
What is the greatest common divisor of 130764 and 459?
51
What is the highest common factor of 23712 and 230451?
741
Calculate the highest common factor of 5923046 and 1151.
1151
Calculate the highest common divisor of 1332 and 8126532.
1332
Calculate the greatest common divisor of 196 and 3500.
28
Calculate the highest common factor of 776 and 697042.
194
Calculate the greatest common divisor of 242106 and 18.
6
What is the highest common factor of 3609 and 1215?
9
Calculate the highest common divisor of 36 and 33084.
36
Calculate the highest common divisor of 1054 and 422.
2
What is the highest common divisor of 276376 and 179?
179
Calculate the highest common divisor of 665 and 1292095.
665
What is the greatest common factor of 66855 and 45?
15
Calculate the highest common factor of 28 and 164668.
28
Calculate the greatest common factor of 101114 and 26.
26
What is the greatest common divisor of 514 and 323563?
257
Calculate the highest common factor of 125 and 78875.
125
What is the greatest common divisor of 55 and 149292?
11
Calculate the greatest common factor of 197 and 3.
1
What is the highest common divisor of 102402 and 36?
18
What is the highest common factor of 119 and 427?
7
What is the highest common divisor of 18 and 10089?
9
What is the greatest common divisor of 69 and 1180061?
23
Calculate the highest common divisor of 81796 and 117624.
676
What is the highest common divisor of 369 and 17109?
9
What is the greatest common divisor of 46192 and 112?
16
What is the greatest common factor of 6236362 and 1103?
1103
What is the greatest common factor of 39492 and 396?
36
Calculate the highest common divisor of 32384 and 1518.
506
What is the greatest common divisor of 10656 and 1125?
9
What is the highest common divisor of 2374210 and 1918?
274
What is the greatest common divisor of 448 and 160?
32
What is the greatest common factor of 948 and 177908?
316
What is the greatest common factor of 43231 and 34?
17
Calculate the greatest common divisor of 4 and 6197.
1
Calculate the greatest common factor of 165 and 15895.
55
What is the highest common factor of 4854093 and 2918?
1459
Calculate the highest common factor of 3705 and 623181.
741
Calculate the greatest common divisor of 1687 and 112065.
241
Calculate the greatest common factor of 1302069 and 213.
213
Calculate the greatest common divisor of 33 and 233475.
33
What is the greatest common divisor o